 of -5 + (-9 - (-2 + -7))?
-5
What is the value of (6 + -7 - 3) + 3 - 8?
-9
Evaluate (2 - -3) + -15 + -3 + 6.
-7
Calculate -3 + 1 - (-14 - -11).
1
What is the value of 3 + (1 + 2 + -10 - 1)?
-5
-1 + 5 + 0 - 3 - -4
5
Calculate -8 - (-5 + 7 + -9).
-1
What is the value of 4 + -1 - 3 - (1 - 2)?
1
1 - 1 - (6 - (-6 - -10))
-2
What is the value of 7 - (3 + -6 + 9)?
1
Calculate (-9 - -6 - 0) + 12.
9
What is the value of (0 - 1) + 1 - 2?
-2
2 + 2 + -4 + 3
3
6 - 2 - (2 + 2 - 1)
1
What is (14 - -1) + 3 + -10?
8
What is (2 - (-5 - -4)) + -3?
0
What is -5 + (-7 - -2) + 2?
-8
Evaluate -45 + 48 - (-2 + 2).
3
Calculate -3 - (-7 - 2) - 11.
-5
Evaluate 5 + 6 + -11 + 2.
2
What is 19 + (-14 - -13 - 11)?
7
What is the value of (7 - 5) + (-1 - (1 - 1))?
1
Evaluate (-4 - -6 - 3) + -4.
-5
Calculate 0 + 0 - (3 + 2 + -1).
-4
(6 - -3) + -6 - 4
-1
What is -8 + 6 + 8 + (1 - 5)?
2
What is the value of (-3 - 1) + 10 + -2?
4
6 + -4 + (5 - 10)
-3
Evaluate 4 - (-2 - 3 - (-6 - 0)).
3
-3 + (-3 - (-13 + 2)) - 3
2
Calculate 4 + (-4 - -2 - 5) + 9.
6
(1 + -13 + 2 - -2) + 3
-5
(3 - 3) + (-2 - -2) + 4
4
Calculate (10 - (-10 - -20)) + 7.
7
Calculate (-6 + 9 - 12) + (5 - 0).
-4
Evaluate (-21 - -18) + -6 + 3.
-6
Calculate (-2 - 0) + -10 + 8.
-4
(0 - 1) + 2 + 1 + 1
3
Evaluate 1 - 4 - -2 - -2.
1
What is (16 - (-4 + 9)) + -7?
4
What is the value of (0 - -1) + (-5 - -10) + -5?
1
What is the value of 3 + 1 - (-69 - -77)?
-4
Calculate 1 + 0 - (8 - (2 + 4)).
-1
Evaluate (4 - 4 - 5) + 0.
-5
48 + -52 - (2 + -3 + -1)
-2
What is the value of (0 - (-2 + 6)) + 6?
2
(5 - 8) + 1 + -3 + -3
-8
What is -8 + 11 + -2 + -4?
-3
-4 + (-2 - -3) + 3 + -6
-6
Calculate 3 + (0 - -1 - (-1 + 4)).
1
Calculate (-5 - 1) + -2 + 0.
-8
Evaluate (4 + -7 - 7) + 8.
-2
(-3 + 2 - 2) + (50 - 51)
-4
What is the value of -1 + 7 + (8 - 10)?
4
Evaluate -2 + -3 + 5 - -7.
7
Calculate 2 + (-3 - (0 - (-2 - -6))).
3
Evaluate 6 + (8 - 3) + -17.
-6
Evaluate (0 + (1 - 1) - -3) + 0.
3
Evaluate (11 - 13 - (1 + -1)) + 2.
0
Calculate (0 - -3 - 0) + (4 - 12).
-5
What is 1 + -12 + (-5 + 26 - 17)?
-7
Calculate 4 - (4 - (2 + 0) - 0).
2
Calculate 2 + 1 + 8 + (0 - 3).
8
Calculate 63 - 78 - (-7 + -2).
-6
What is the value of 5 + 1 + -5 + 0 + -1?
0
What is 3 - 0 - (9 - (0 - -6))?
0
What is -4 + 5 - (4 - (-1 + 0))?
-4
What is the value of 3 - 4 - (1 + 3)?
-5
What is -3 + -3 + -9 + 6 - -3?
-6
Evaluate 5 + 0 + 0 + 4 + -2.
7
0 - (2 + -2 + (5 - 10))
5
Evaluate 1 + 0 + (1 - -1).
3
Calculate 4 - (4 + (-4 - 0)).
4
Evaluate -1 - 9 - 2 - -4.
-8
What is 13 + 0 + 0 + (32 - 37)?
8
2 + (1 + -1 - (-3 - -2))
3
Calculate (-3 - 1) + 4 + 1 + -1.
0
What is the value of (-7 - -9) + -4 + 1 + 3?
2
What is the value of 0 - 2 - (7 + -7 - 0)?
-2
Calculate 6 + -12 + 0 + 4 - 3.
-5
Evaluate (-3 - (7 + 1 - 6)) + 4.
-1
Calculate -6 + 1 + (-1 - -3).
-3
7 - 3 - 7 - (3 - 2)
-4
Evaluate -5 + -1 + 2 + 2 + 1.
-1
Calculate (14 - 10) + -2 + 1 + 4.
7
8 - 6 - (1 + (3 - 0))
-2
Evaluate (0 - (-4 - 3)) + -2 + -6.
-1
Evaluate (-11 - -4) + 1 + 2.
-4
Calculate -2 - (2 - -4 - 8).
0
(3 - (4 + -1)) + -2
-2
Calculate -12 + 3 - (-14 - -7).
-2
-1 + -2 - (-9 - -9)
-3
Evaluate (3 - 5) + 1 - -3.
2
Calculate (4 - -2) + (-1 - -6) + -7.
4
-6 + (6 - 1 - -3)
2
1 + 4 + -8 + 4
1
0 + 1 + -5 + -2
-6
0 + (2 - (-2 + -5))
9
Evaluate -1 + 7 + (8 - 11).
3
What is 8 + (-15 - (3 - (-5 - -9)))?
-6
Evaluate -2 - (-1 + -3) - -3.
5
What is the value of (-80 - -82) + -9 + 1?
-6
Evaluate 9 + -9 + -6 + 6.
0
What is the value of 1 + -2 - 3 - (-21 - -21)?
-4
Evaluate 3 + -7 - (4 + -6).
-2
Evaluate 9 - (9 + 4 + 2).
-6
What is the value of -3 + 7 + (1 + -1 - -1)?
5
What is 1 - (-1 - (-1 + 2))?
3
Evaluate 0 + (-1 - 5) - (-6 - -4).
-4
-36 + 30 + 1 + -4
-9
Calculate -3 + 1 - -3 - (7 - 6).
0
What is 4 + 4 + 8 + -4 + -10?
2
What is 3 - (2 - (-8 + 6))?
-1
Evaluate 2 + 1 + -1 + (4 - 2).
4
Calculate 6 + -4 + -1 - -2.
3
Evaluate 0 + (0 - 7) + 13.
6
-5 + (2 - 4) + 2
-5
Evaluate 0 - 4 - (12 + -13).
-3
Evaluate 2 - (0 + 6 + -2 + -1).
-1
What is the value of 0 - 4 - (-1 - 3) - 0?
0
6 - 14 - (3 - 12)
1
7 + -10 + 2 - (1 + 3)
-5
2 + -1 - (-2 + -2 + 1)
4
Calculate 9 - ((5 - -3) + -2).
3
-1 - 1 - (-13 - -22 - 9)
-2
-5 + -2 + (5 - -4 - 5)
-3
What is the value of (3 - 2 - -3 - 1) + -1?
2
What is 1 - (0 + -3) - 6?
-2
(30 - 43) + (20 - 1)
6
What is the value of (-2 - 6) + 4 - 0?
-4
Evaluate -18 - -6 - -10 - (-1 - -9).
-10
What is 5 + 2 - (3 - 1)?
5
Evaluate 46 - 45 - (1 + -1).
1
Evaluate 4 - (8 + -1 + -2 - 2).
1
What is -5 + 7 + -3 + -7 + 5?
-3
(5 - 6) + 7 + (-2 - 7)
-3
Evaluate 6 + -8 + (0 - -1) + 4.
3
Calculate -1 + 13 + -10 - (0 - 1).
3
What is (-3 - 2 - 0) + 5?
0
What is the value of -5 + (-5 + 4 - -2)?
-4
What is -1 - 2 - (-6 - (1 - 1))?
3
5 + (2 - (-3 + 6))
4
What is the value of -7 - -4 - ((-3 - -4) + -7)?
3
What is 7 - ((-11 - -4) + (16 - 6))?
4
3 - (5 + -4 + 1 + -2)
3
Evaluate (7 + -4 - -3) + -5.
1
What is the value of -1 - 0 - (3 - (-3 - -7))?
0
What is the value of 1 + 5 + -12 + (3 - 0)?
-3
Calculate 9 + -6 + (-7 - 0).
-4
Evaluate 0 + 1 + 4 + -9.
-4
Calculate -5 + 1 + 5 + -3.
-2
What is (9 - 6) + -3 + -7 + 9?
2
Evaluate 6 + 1 - (1 + 9).
-3
Calculate -6 - (6 + (-7 - 1)).
-4
Calculate 0 + 6 + -7 + (-3 - -8).
4
Evaluate (-9 - -2) + 5 + -1 + 0.
-3
What is the value of -2 + 8 + -1 + -7?
-2
What is the value of 2 + 3 + (-2 - -1) + -2?
2
Calculate 0 + -7 + (-3 - -6).
-4
What is the value of 2 + 1 + -1 + 0?
2
Evaluate -3 - ((1 - -1) + -8 + 4).
-1
What is the value of -3 - ((-30 - -30) + (-8 - -1))?
4
What is (-3 + 1 - (0 + 0)) + 1?
-1
-11 + 11 + (0 - 4)
-4
Calculate -63 + 59 - (0 - -3).
-7
What is the value of 0 + -2 - (19 - 29)?
8
Calculate -3 + 2 + (8 - 4).
3
What is (-3 - 0 - -2) + 36 + -29?
6
Calculate -5 + -7 - (-3 + -14).
5
What is the value of 9 + (-15 - (7 + -7))?
-6
Calculate 3 - (4 - (15 + -7 - 7)).
0
16 + -20 - (1 + -3)
-2
Evaluate 3 - 1 - (1 - -1) - 0.
0
What is the value of (-4 - -5) + -2 + (2 - 0)?
1
Evaluate 2 + 6 + 20 + (-1 - 16).
11
Evaluate 0 - (6 - 12 - -9).
-3
Evaluate 15 - (19 - (-2 + 8)).
2
What is the value of (6 - (-2 + 4)) + -8?
-4
What is the value of -2 + -3 + (-2 - 3) + 3?
-7
What is -1 + 6 + (-3 - 4) + 6?
4
Evaluate -2 + (7 - 2) + 3 + -5.
1
What is -1 - 0 - ((29 - 10) + -18)?
-2
(0 - 3) + (8 - 11) + 4
-2
Calculate 0 - 4 - (13 - 18).
1
What is the value of 5 - (6 - (4 - 7 - -9))?
5
What is -13 + 15 + (-5 - 3)?
-6
-13 + 11 - (0 - 6)
4
6 + -10 - -6 - 6 - -11
7
(2 - 4) + 6 - 3
1
What is (0 + 6 - 2) + 2 - 1?
5
Calculate -3 - (6 + -10 + (-6 - -9)).
-2
Calculate 1 + -6 + 4 + 3 + -6.
-4
(9 - 4 - 4) + -3
-2
What is the value of -1 - (-6 + 3 + 1)?
1
What is (-4 - 0) + (1 - 13) + 13?
-3
Evaluate 0 - (-35 - -37 - (1 + -3)).
-4
Calculate (-22 - -3) + (-24 - -34).
-9
What is -6 - 7 - -12 - 8?
-9
Evaluate -6 - (-4 - -3 - 3).
-2
0 + -1 - -3 - -1
3
(-1 - -2) + -22 + (23 - -5)
7
Calculate 11 - 2 - (2 + 3 + -1).
5
What is (-2 - (-4 + 1)) + 0 + 4?
5
What is (-5 - (-18 - -9)) + -2 + -4?
-2
Calculate 5 + -5 + -4 + 1 + 5.
2
Calculate 5 + -10 - (6 + 0 - 3).
-8
-2 + -10 + 9 - 6
-9
(-32 - -36) + -4 + (0 - 0)
0
(4 - 2) + -1 + (-2 - 1)
-2
What is -2 - -3 - (-1 - (4 - 2))?
4
Calculate 6 - 7 - (1 + -6).
4
Evaluate (-12 - 0) + 5 + 3.
-4
Evaluate (-4 - -7) + -10 - -4.
-3
What is (-10 - 4) + 11 + -4?
-7
0 + (2 - (15 - 7))
-6
Evaluate -1 - (-2 - 4 - -6).
-1
Calculate 7 - ((-8 - (4 - 8)) + 7).
4
Evaluate 1 + (2 - 2) + -1.
0
1 - ((-7 - -6) + 5) - 3
-6
Evaluate (-4 - -7) + 0 - (6 - -2).
-5
Calculate (10 - -3) + -9 + 0.
4
What is 0 + 2 - (19 + -20)?
3
Evaluate 6 + -6 - (-1 + 6 - 0).
-5
Calculate -3 + 5 + 2 + -10.
-6
What is 1 - (3 - 6) - -3?
7
What is the value of 1 + -6 + 20 + -18?
-3
What is (1 + -5 - (0 + -4)) + -2?
-2
What is the value of (59 - 62) + (4 - -1)?
2
What is the value of -255 + 250 - (3 - 2 - -5)?
-11
Calculate 7 + -9 + (8 - 3 - 0).
3
Evaluate (18 - 8) + 0 - 7.
3
What is the value of 0 - (1 - 5) - 6?
-2
What is -4 - (3 + -1 + 2 + -9)?
1
What is 11 - (1 - -1) - 4?
5
What is -22 - -23 - (3 - (4 - 3))?
-1
Evaluate -4 - -2 - (-1 - -6 - 8).
1
Evaluate -9 - (5 + (8 - 17) - 3).
-2
What is the value of (-67 - -66) + (0 - 1 - -1)?
-1
Calculate 0 - (-21 - -19 - (-1 + -1)).
0
Evaluate -6 + 5 + (-5 - -5).
-1
What is the value of 4 + 0 - 3 - (0 + 1)?
0
Calculate -7 + (21 - (-7 + 18)).
3
Evaluate -10 + (-2 - -9) - (1 + 1).
-5
What is the value of -6 + (5